{"id":1031,"date":"2024-02-21T10:44:27","date_gmt":"2024-02-21T09:44:27","guid":{"rendered":"https:\/\/www.electron.sk\/?post_type=product&#038;p=1031"},"modified":"2025-08-01T09:34:27","modified_gmt":"2025-08-01T07:34:27","slug":"omega-01","status":"publish","type":"product","link":"https:\/\/www.electron.sk\/?product=omega-01","title":{"rendered":"OMEGA-01"},"content":{"rendered":"<p><u><strong>OMEGA-01<\/strong><\/u><\/p>\n<p>OMEGA-01 sl\u00fa\u017ei na meranie odporu medzi skri\u0148ou vozidla<br \/>\na ochrann\u00fdm vodi\u010dom pr\u00fadom min. 50 A, AC pri 0,1\u03a9.<br \/>\nMaxim\u00e1lnu impedanciu medzi skri\u0148ou vozidla<br \/>\na ochrann\u00fdm vodi\u010dom je mo\u017en\u00e9 kontrolova\u0165 v dvoch<br \/>\nlimitn\u00fdch hodnot\u00e1ch: 0,05\u03a9\u00a0alebo 0,15\u03a9.<\/p>\n<p>-Meranie priechodov\u00e9ho odporu (rozsah 0,000 &#8211; 1,000\u00a0\u03a9)<\/p>\n<p>-Merac\u00ed pr\u00fad min. 50A pri 0,1\u03a9<\/p>\n<p>-Zvukov\u00e1 signaliz\u00e1cia ak prechodov\u00fd odpor prekro\u010d\u00ed nastaven\u00fa limitu (50m\u03a9,150m\u03a9, alebo podl\u013ea po\u017eiadaviek z\u00e1kazn\u00edka). Prekro\u010denie limitn\u00fdch hodn\u00f4t je signalizovan\u00e9 akusticky sir\u00e9nou.<\/p>\n<p>nap\u00e1jacie nap\u00e4tie: 230 V, 50 Hz<br \/>\nv\u00fdstupn\u00e9 nap\u00e4tie: 6 V, 50 Hz<br \/>\nmerac\u00ed pr\u00fad: 50 A pri 0.1Ohm, AC<br \/>\npresnos\u0165 merania: \u00b1(1,5% MH + 6Dig)<br \/>\nhmotnos\u0165: cca 9 kg<br \/>\nrozmery: 330 x 210 x 170 mm<\/p>\n","protected":false},"excerpt":{"rendered":"<p>OMEGA-01 OMEGA-01 sl\u00fa\u017ei na meranie odporu medzi skri\u0148ou vozidla a ochrann\u00fdm vodi\u010dom pr\u00fadom min. 50 A, AC pri 0,1\u03a9. Maxim\u00e1lnu impedanciu medzi skri\u0148ou vozidla a ochrann\u00fdm vodi\u010dom je mo\u017en\u00e9 kontrolova\u0165 v dvoch limitn\u00fdch hodnot\u00e1ch: 0,05\u03a9\u00a0alebo 0,15\u03a9. -Meranie priechodov\u00e9ho odporu (rozsah 0,000 &#8211; 1,000\u00a0\u03a9) -Merac\u00ed pr\u00fad min. 50A pri 0,1\u03a9 -Zvukov\u00e1 signaliz\u00e1cia ak prechodov\u00fd odpor prekro\u010d\u00ed&hellip;<\/p>\n","protected":false},"featured_media":3034,"comment_status":"closed","ping_status":"closed","template":"","meta":[],"product_brand":[],"product_cat":[36,43,59],"product_tag":[],"class_list":{"0":"post-1031","1":"product","2":"type-product","3":"status-publish","4":"has-post-thumbnail","6":"product_cat-meranie-priechodoveho-odporu","7":"product_cat-testery-pre-vyrobcov-elektrorozvadzacov","8":"product_cat-vypredaj","10":"first","11":"instock","12":"taxable","13":"shipping-taxable","14":"purchasable","15":"product-type-simple"},"_links":{"self":[{"href":"https:\/\/www.electron.sk\/index.php?rest_route=\/wp\/v2\/product\/1031","targetHints":{"allow":["GET"]}}],"collection":[{"href":"https:\/\/www.electron.sk\/index.php?rest_route=\/wp\/v2\/product"}],"about":[{"href":"https:\/\/www.electron.sk\/index.php?rest_route=\/wp\/v2\/types\/product"}],"replies":[{"embeddable":true,"href":"https:\/\/www.electron.sk\/index.php?rest_route=%2Fwp%2Fv2%2Fcomments&post=1031"}],"wp:featuredmedia":[{"embeddable":true,"href":"https:\/\/www.electron.sk\/index.php?rest_route=\/wp\/v2\/media\/3034"}],"wp:attachment":[{"href":"https:\/\/www.electron.sk\/index.php?rest_route=%2Fwp%2Fv2%2Fmedia&parent=1031"}],"wp:term":[{"taxonomy":"product_brand","embeddable":true,"href":"https:\/\/www.electron.sk\/index.php?rest_route=%2Fwp%2Fv2%2Fproduct_brand&post=1031"},{"taxonomy":"product_cat","embeddable":true,"href":"https:\/\/www.electron.sk\/index.php?rest_route=%2Fwp%2Fv2%2Fproduct_cat&post=1031"},{"taxonomy":"product_tag","embeddable":true,"href":"https:\/\/www.electron.sk\/index.php?rest_route=%2Fwp%2Fv2%2Fproduct_tag&post=1031"}],"curies":[{"name":"wp","href":"https:\/\/api.w.org\/{rel}","templated":true}]}}