{"id":1029,"date":"2024-02-21T10:43:51","date_gmt":"2024-02-21T09:43:51","guid":{"rendered":"https:\/\/www.electron.sk\/?post_type=product&#038;p=1029"},"modified":"2024-10-17T13:24:47","modified_gmt":"2024-10-17T11:24:47","slug":"mpo-01a","status":"publish","type":"product","link":"https:\/\/www.electron.sk\/?product=mpo-01a","title":{"rendered":"MPO-01A"},"content":{"rendered":"<p><u><strong>Charakteristika:<\/strong><\/u><\/p>\n<p><strong>MPO-01<\/strong>\u00a0je pr\u00edstroj, ktor\u00fd sl\u00fa\u017ei na meranie priechodov\u00fdch odporov medzi ochrannou svorkou a \u00a0pr\u00edslu\u0161n\u00fdmi ne\u017eiv\u00fdmi \u010das\u0165ami elektrick\u00fdch predmetov.<\/p>\n<p>Pr\u00edstroj je nevyhnutn\u00fd pre v\u00fdrobcov elektrorozv\u00e1dza\u010dov!<\/p>\n<p>\u00b7\u00a0\u00a0\u00a0\u00a0\u00a0 meranie priechodov\u00e9ho odporu pr\u00fadom min. 25 A<\/p>\n<p>\u00b7\u00a0\u00a0\u00a0\u00a0\u00a0 indik\u00e1cia prekro\u010denia nedovolenej hodnoty priechodov\u00e9ho odporu 0,1 \u03a9 rozsvieten\u00edm sa \u010dervenej kontrolky<\/p>\n<p>\u00b7\u00a0\u00a0\u00a0\u00a0\u00a0 rozli\u0161ovacia schopnos\u0165 pr\u00edstroja a\u017e 1 m\u03a9<\/p>\n<p>\u00b7\u00a0 \u00a0pr\u00edstroj komunikuje s \u00a0obsluhou pomocou prieh\u013eadn\u00e9ho grafick\u00e9ho\u00a0 O-LED displeja<\/p>\n<p><a href=\"https:\/\/www.electron.sk\/wp-content\/uploads\/2024\/03\/MPO-01A.pdf\" target=\"_blank\" rel=\"noopener\">N\u00e1vod na stiahnutie<\/a><\/p>\n","protected":false},"excerpt":{"rendered":"<p>Charakteristika: MPO-01\u00a0je pr\u00edstroj, ktor\u00fd sl\u00fa\u017ei na meranie priechodov\u00fdch odporov medzi ochrannou svorkou a \u00a0pr\u00edslu\u0161n\u00fdmi ne\u017eiv\u00fdmi \u010das\u0165ami elektrick\u00fdch predmetov. Pr\u00edstroj je nevyhnutn\u00fd pre v\u00fdrobcov elektrorozv\u00e1dza\u010dov! \u00b7\u00a0\u00a0\u00a0\u00a0\u00a0 meranie priechodov\u00e9ho odporu pr\u00fadom min. 25 A \u00b7\u00a0\u00a0\u00a0\u00a0\u00a0 indik\u00e1cia prekro\u010denia nedovolenej hodnoty priechodov\u00e9ho odporu 0,1 \u03a9 rozsvieten\u00edm sa \u010dervenej kontrolky \u00b7\u00a0\u00a0\u00a0\u00a0\u00a0 rozli\u0161ovacia schopnos\u0165 pr\u00edstroja a\u017e 1 m\u03a9 \u00b7\u00a0 \u00a0pr\u00edstroj komunikuje&hellip;<\/p>\n","protected":false},"featured_media":2705,"comment_status":"open","ping_status":"closed","template":"","meta":[],"product_brand":[],"product_cat":[36,59],"product_tag":[],"class_list":{"0":"post-1029","1":"product","2":"type-product","3":"status-publish","4":"has-post-thumbnail","6":"product_cat-meranie-priechodoveho-odporu","7":"product_cat-vypredaj","9":"first","10":"instock","11":"taxable","12":"shipping-taxable","13":"purchasable","14":"product-type-simple"},"_links":{"self":[{"href":"https:\/\/www.electron.sk\/index.php?rest_route=\/wp\/v2\/product\/1029","targetHints":{"allow":["GET"]}}],"collection":[{"href":"https:\/\/www.electron.sk\/index.php?rest_route=\/wp\/v2\/product"}],"about":[{"href":"https:\/\/www.electron.sk\/index.php?rest_route=\/wp\/v2\/types\/product"}],"replies":[{"embeddable":true,"href":"https:\/\/www.electron.sk\/index.php?rest_route=%2Fwp%2Fv2%2Fcomments&post=1029"}],"wp:featuredmedia":[{"embeddable":true,"href":"https:\/\/www.electron.sk\/index.php?rest_route=\/wp\/v2\/media\/2705"}],"wp:attachment":[{"href":"https:\/\/www.electron.sk\/index.php?rest_route=%2Fwp%2Fv2%2Fmedia&parent=1029"}],"wp:term":[{"taxonomy":"product_brand","embeddable":true,"href":"https:\/\/www.electron.sk\/index.php?rest_route=%2Fwp%2Fv2%2Fproduct_brand&post=1029"},{"taxonomy":"product_cat","embeddable":true,"href":"https:\/\/www.electron.sk\/index.php?rest_route=%2Fwp%2Fv2%2Fproduct_cat&post=1029"},{"taxonomy":"product_tag","embeddable":true,"href":"https:\/\/www.electron.sk\/index.php?rest_route=%2Fwp%2Fv2%2Fproduct_tag&post=1029"}],"curies":[{"name":"wp","href":"https:\/\/api.w.org\/{rel}","templated":true}]}}