{"id":1028,"date":"2024-02-21T10:43:28","date_gmt":"2024-02-21T09:43:28","guid":{"rendered":"https:\/\/www.electron.sk\/?post_type=product&#038;p=1028"},"modified":"2025-01-17T13:42:33","modified_gmt":"2025-01-17T12:42:33","slug":"mini-01","status":"publish","type":"product","link":"https:\/\/www.electron.sk\/?product=mini-01","title":{"rendered":"MINI-01"},"content":{"rendered":"<p><u><strong>MINI-01<\/strong><\/u>\u00a0je merac\u00ed pr\u00edstroj, ktor\u00fd sl\u00fa\u017ei na meranie priechodov\u00fdch odporov pr\u00fadom min. 200 mA, pod\u013ea podmienok ak\u00e9 stanovuje STN EN 30 2000-6-61.<\/p>\n<p>Pr\u00edstroj blokuje meranie pri pr\u00edtomnosti nap\u00e4tia vy\u0161\u0161ieho ako 24 V. Pr\u00edstroj je mal\u00fd, \u013eahko prenosn\u00fd a\u00a0pri pr\u00e1ci s\u00a0n\u00edm nie je potrebn\u00e1 tzv. \u201etretia ruka\u201c.<\/p>\n<p>Nameran\u00e9 hodnoty s\u00fa zobrazovan\u00e9 na prieh\u013eadnom grafickom LCD displeji s\u00a0podsvieten\u00edm.<\/p>\n<p>\u200b<u><strong>Charakteristika<\/strong><\/u><\/p>\n<ul>\n<li class=\"first\">Merac\u00ed rozsah: 0,001\u03a9 .. 20,00\u03a9<\/li>\n<li>Merac\u00ed pr\u00fad:\u00a0min. 200mA, DC<\/li>\n<li>Nap\u00e1janie:\u00a01 x 9 V\u00a0bat\u00e9ria 6F22<\/li>\n<li>Presnos\u0165 merania:\u00a0\u00a0\u00a0\u00a0\u00a0 \u00b1(2,5% + 6 Digit)<\/li>\n<li>Rozli\u0161ite\u013enos\u0165:\u00a0\u00a0\u00a0\u00a0\u00a0\u00a0\u00a0\u00a0\u00a0\u00a0\u00a0\u00a0 0,001 resp. 0,01 \u03a9<\/li>\n<li>Rozmery:\u00a0\u00a0\u00a0\u00a0\u00a0\u00a0\u00a0\u00a0\u00a0\u00a0\u00a0\u00a0\u00a0\u00a0\u00a0\u00a0\u00a0\u00a0\u00a0 190 x 45 x 22 mm<\/li>\n<li class=\"last\">Displej:\u00a0 \u00a0 \u00a0 \u00a0 \u00a0 \u00a0 \u00a0 \u00a0 \u00a0 \u00a0 \u00a0 \u00a096\u00a0x 80\u00a0bodov\u00fd grafick\u00fd,\u00a0 LCD<\/li>\n<\/ul>\n<p><strong><em><u>Rozsah dod\u00e1vky:<\/u><\/em><\/strong><\/p>\n<p>-Pr\u00edstroj MINI-01 s\u00a0merac\u00edm pr\u00edvodom\u00a0\u00a0\u00a0\u00a0\u00a0\u00a0\u00a0\u00a0\u00a0\u00a0\u00a0\u00a0\u00a0\u00a0\u00a0\u00a0\u00a0 1 ks<\/p>\n<p>-Bra\u0161\u0148a na pren\u00e1\u0161anie pr\u00edstroja\u00a0\u00a0\u00a0\u00a0\u00a0\u00a0\u00a0\u00a0\u00a0\u00a0\u00a0\u00a0\u00a0\u00a0\u00a0\u00a0\u00a0\u00a0\u00a0\u00a0\u00a0\u00a0\u00a0\u00a0\u00a0\u00a0\u00a0\u00a0 1 ks<\/p>\n<p>-N\u00e1vod na obsluhu\u00a0\u00a0\u00a0\u00a0\u00a0\u00a0\u00a0\u00a0\u00a0\u00a0\u00a0\u00a0\u00a0\u00a0\u00a0\u00a0\u00a0\u00a0\u00a0\u00a0\u00a0\u00a0\u00a0\u00a0\u00a0\u00a0\u00a0\u00a0\u00a0\u00a0\u00a0\u00a0\u00a0\u00a0\u00a0\u00a0\u00a0\u00a0\u00a0\u00a0\u00a0\u00a0\u00a0\u00a0\u00a0\u00a0\u00a0\u00a0\u00a0 1 ks<\/p>\n<p><a href=\"https:\/\/www.electron.sk\/wp-content\/uploads\/2024\/03\/MINI-01.pdf\" target=\"_blank\" rel=\"noopener\">N\u00e1vod na stiahnutie\u00a0<\/a><\/p>\n","protected":false},"excerpt":{"rendered":"<p>MINI-01\u00a0je merac\u00ed pr\u00edstroj, ktor\u00fd sl\u00fa\u017ei na meranie priechodov\u00fdch odporov pr\u00fadom min. 200 mA, pod\u013ea podmienok ak\u00e9 stanovuje STN EN 30 2000-6-61. Pr\u00edstroj blokuje meranie pri pr\u00edtomnosti nap\u00e4tia vy\u0161\u0161ieho ako 24 V. Pr\u00edstroj je mal\u00fd, \u013eahko prenosn\u00fd a\u00a0pri pr\u00e1ci s\u00a0n\u00edm nie je potrebn\u00e1 tzv. \u201etretia ruka\u201c. Nameran\u00e9 hodnoty s\u00fa zobrazovan\u00e9 na prieh\u013eadnom grafickom LCD displeji s\u00a0podsvieten\u00edm.&hellip;<\/p>\n","protected":false},"featured_media":2475,"comment_status":"closed","ping_status":"closed","template":"","meta":[],"product_brand":[],"product_cat":[36],"product_tag":[],"class_list":{"0":"post-1028","1":"product","2":"type-product","3":"status-publish","4":"has-post-thumbnail","6":"product_cat-meranie-priechodoveho-odporu","8":"first","9":"instock","10":"taxable","11":"shipping-taxable","12":"purchasable","13":"product-type-simple"},"_links":{"self":[{"href":"https:\/\/www.electron.sk\/index.php?rest_route=\/wp\/v2\/product\/1028","targetHints":{"allow":["GET"]}}],"collection":[{"href":"https:\/\/www.electron.sk\/index.php?rest_route=\/wp\/v2\/product"}],"about":[{"href":"https:\/\/www.electron.sk\/index.php?rest_route=\/wp\/v2\/types\/product"}],"replies":[{"embeddable":true,"href":"https:\/\/www.electron.sk\/index.php?rest_route=%2Fwp%2Fv2%2Fcomments&post=1028"}],"wp:featuredmedia":[{"embeddable":true,"href":"https:\/\/www.electron.sk\/index.php?rest_route=\/wp\/v2\/media\/2475"}],"wp:attachment":[{"href":"https:\/\/www.electron.sk\/index.php?rest_route=%2Fwp%2Fv2%2Fmedia&parent=1028"}],"wp:term":[{"taxonomy":"product_brand","embeddable":true,"href":"https:\/\/www.electron.sk\/index.php?rest_route=%2Fwp%2Fv2%2Fproduct_brand&post=1028"},{"taxonomy":"product_cat","embeddable":true,"href":"https:\/\/www.electron.sk\/index.php?rest_route=%2Fwp%2Fv2%2Fproduct_cat&post=1028"},{"taxonomy":"product_tag","embeddable":true,"href":"https:\/\/www.electron.sk\/index.php?rest_route=%2Fwp%2Fv2%2Fproduct_tag&post=1028"}],"curies":[{"name":"wp","href":"https:\/\/api.w.org\/{rel}","templated":true}]}}